+ 3*k - 457, 2*k + 97 = o. What is the greatest common factor of 31 and o?
31
Let w = -7 - -18. Suppose 3 = -q + 5. Let j be q/7 - 1690/(-14). What is the highest common factor of j and w?
11
Suppose 0 = -2*b - 3*b + 660. Calculate the greatest common divisor of b and 12.
12
Let t(m) = -6*m - 51. Let s be t(-9). What is the greatest common divisor of 9 and s?
3
Let l be (0 + 1)*(-8 - -3). Let d be (35/l)/((-1)/2). Suppose 0*o - 81 = -4*o - 5*b, 4*o - 51 = b. Calculate the highest common divisor of d and o.
14
Suppose -5*f + 30 + 6 = 3*g, 2*f = 2*g + 24. What is the highest common divisor of f and 9?
9
Suppose -2*x = -5*x + 21. Let m(h) = h**2 + 2*h + 1. Let i be m(x). Calculate the highest common divisor of i and 16.
16
Suppose 0 = 5*d - 9 - 1. Let p = 18 + -15. What is the greatest common divisor of d and p?
1
Let o = -34 + 82. What is the greatest common divisor of o and 32?
16
Let k = -34 - -14. Let t be 15/k - 230/(-8). Let x(r) = r**2 - r + 2. Let d be x(4). Calculate the highest common divisor of d and t.
14
Let w = -1 - -5. Suppose -r = w*r - 240. Suppose 5*q - 8*q = t - 15, -q + t = -9. What is the greatest common divisor of r and q?
6
Let h(d) = d**2 + d + 2. Let n be h(2). Let m = -4 + n. What is the greatest common divisor of 20 and m?
4
Let b = 4 - 4. Suppose b*i - 32 = 2*d + 4*i, 0 = d - 4*i + 4. Let l be (d/(-8))/((-3)/(-44)). Calculate the greatest common factor of l and 198.
22
Suppose 3*z + 55 = 190. Let c be ((-12)/(-18))/(2/z). Calculate the greatest common factor of c and 45.
15
Let r = 65 - 30. What is the greatest common factor of 7 and r?
7
Let r be (-47)/2 - 2/4. Let x be (108/r)/((-2)/60). Calculate the highest common factor of 15 and x.
15
Let x(a) = 1 - 6 + 0 + 2*a + 2*a. Let t be x(5). Calculate the highest common factor of t and 6.
3
Let s = 276 + -49. Suppose -5*f + 2*g = 37 - s, -5*f + 195 = -g. Calculate the greatest common divisor of f and 10.
10
Suppose 0*y = y - 3. Let a = y - -1. Calculate the highest common factor of 36 and a.
4
Let t(c) = 3*c**2 - 3 + 0 + 5*c + 2*c**2. Suppose 2*z - 9 = -3. Let j be t(z). What is the greatest common factor of j and 19?
19
Let l(h) = h**3 - 4*h**2 - 4. Let y be l(4). Let g(a) = a**3 + 8*a**2 + 6*a. Let p be g(y). Calculate the highest common factor of 8 and p.
8
Suppose -4*g + 7*g = 1725. Let z be -1 + (0 - (-569 + 0)). Suppose 4*w - g = -2*k - k, 0 = -4*w + 4*k + z. What is the highest common divisor of 13 and w?
13
Let d = -80 - -82. Let c(t) = -9*t**3 + t**2 - t - 1. Let b be c(-1). What is the greatest common divisor of b and d?
2
Suppose -u + 10 = 6. Calculate the highest common factor of 16 and u.
4
Let s(i) = 80*i + 1. Suppose -w = -0*w - 1. Let z be s(w). Suppose x - 2*x + z = 0. Calculate the greatest common divisor of 9 and x.
9
Let d(n) = -n**3 + 19*n**2 - n + 42. Let x be d(19). Calculate the greatest common divisor of 46 and x.
23
Let i(j) = -3*j + 11. Let p be i(-8). Calculate the greatest common factor of p and 5.
5
Let y = 27 + 15. Suppose -226 = -j - 3*j - 2*r, 0 = j + r - 57. Suppose j = 2*b - 0*b. Calculate the highest common divisor of b and y.
14
Let g(w) be the first derivative of 2*w**2 - 6*w - 2. Let r be g(4). What is the highest common factor of r and 110?
10
Let v be (-2)/(-13) - (-6 - (-6072)/(-78)). What is the highest common divisor of 63 and v?
21
Suppose 8 = 4*b - 300. What is the highest common factor of b and 14?
7
Suppose -r - 5*s = 3*r, 4*r - 12 = -2*s. Let n be (-3)/2*(-20)/r. Let h be (4/n)/(8/132). What is the greatest common divisor of h and 22?
11
Let i(l) = l + 9. Let s be i(-9). Suppose -5*t + 3 = -d + 12, s = 2*t - 6. Calculate the highest common factor of 60 and d.
12
Let o be (-378)/(-3) - -1*2. What is the highest common divisor of o and 8?
8
Let l(u) = -2*u + 22. Let z be l(8). What is the highest common divisor of z and 4?
2
Let x be 0/12 - (-11 - 0). Let i(t) = 17*t + 4. Let a be i(3). What is the highest common factor of x and a?
11
Let i(y) = -y**2 - 5*y + 6. Let k be i(-5). What is the greatest common divisor of 18 and k?
6
Let b = 17 - 12. Suppose -2*d - 150 = -4*k, 19 = 2*k + b*d - 74. Let m = -23 + k. What is the highest common factor of 8 and m?
8
Suppose -4*z + g + 75 = 0, 4*g + 102 = 5*z - 0*z. What is the highest common divisor of z and 12?
6
Let y = 640 + -255. Calculate the highest common factor of y and 35.
35
Let q be (12/18)/(0 + 1/33). What is the greatest common factor of 88 and q?
22
Let n = 23 + -1. Suppose k = 2 + n. Suppose -y + 60 + 0 = 0. Calculate the greatest common factor of k and y.
12
Suppose 7*f - 3*f - 96 = 0. Calculate the highest common factor of f and 36.
12
Let b be (-2)/2*(2 - 9). Suppose 2 = 3*h - b. Suppose g - 6*g = -h*n - 18, 5 = g - 2*n. Calculate the greatest common divisor of g and 2.
1
Suppose -5*y + 3*u = -y - 23, -13 = -2*y + u. Let d be 5/15 + y/3. Let q be (-568)/(-6) - (-1)/d. What is the highest common divisor of q and 38?
19
Suppose y - 9 = -l - 0, 0 = y - 5. Let t(u) = 4 + 3*u - 3 - 2. Let v be t(1). What is the highest common factor of v and l?
2
Let j be (6/(-3))/((-2)/1). Let w be j*-16*(-9)/6. Suppose 238 = 2*v + u, -u + 596 = 5*v + u. Calculate the highest common factor of w and v.
24
Let y = 41 - 29. Suppose -3*a + 3*w + 20 = 2*a, 4*a + 4*w - 16 = 0. Let k(o) = 3*o**2 - 5*o - 4. Let g be k(a). What is the highest common divisor of g and y?
12
Let l(z) = 7*z**2 + 2*z + 1. Let s be l(-1). Suppose m + s = -3*r, -11 = -4*m + r + 4. What is the highest common factor of 15 and m?
3
Suppose 0 = 4*z - 4, z = 5*v + 3*z - 122. Calculate the greatest common factor of 72 and v.
24
Let d(s) = s**3 - s**2 - 3*s + 4. Let o(i) = -2*i - 7. Let u be o(-5). Let g be d(u). Let v = 274 - 170. Calculate the greatest common divisor of g and v.
13
Let d be 79 - (4 - 3) - 6/2. What is the highest common factor of 50 and d?
25
Suppose 4*l - 34 = -0*l - 2*i, 3*l + i = 27. Suppose 0 = -4*g + 12, 3*h + 435 = 8*h - 5*g. Calculate the greatest common factor of h and l.
10
Suppose -24 = -0*c - 2*c. Let s = 25 - c. Suppose 4*r - 109 = 5*a, 2*a = 3*r - 81 + 1. What is the greatest common divisor of r and s?
13
Let d = -22 + -31. Let o be d/(-3) + 2/6. Let t = o + -9. What is the greatest common divisor of 18 and t?
9
Suppose 2*b - 4*s - 38 = 0, -b + s = -0*b - 16. Let n(c) = -38*c + 3. Let k be n(-3). What is the highest common factor of b and k?
13
Let c(o) = o + 9. Let f be c(-5). Let l be f/(-8) + (-29)/(-2). Suppose 468 = 3*p - 2*i, 2*i = -p - 3*i + 139. What is the greatest common factor of l and p?
14
Let z = -107 + 184. Calculate the highest common divisor of z and 11.
11
Suppose 2*d = w + 39, 0 = -2*w - 2*w - 20. Let s(r) = -5*r + 2. Let p be s(-3). Calculate the greatest common factor of d and p.
17
Suppose -21 = j - 4*j. Suppose 420 = -5*z + 5*m, 4*z + 2*m = -22 - 290. Let c be 7*(z/28 + 3). Calculate the greatest common factor of c and j.
1
Let g = 89 + -33. Suppose -5*y + 70 = -0*y. Calculate the greatest common divisor of g and y.
14
Let x(y) = 3*y**2 + 16*y - 7. Let m be x(-7). Suppose -2*j + 4*j = -3*b + 5, -4*j + 31 = -b. What is the highest common factor of m and j?
7
Let t(f) = 2*f**2 + f + 3. Let i be t(2). Calculate the greatest common divisor of i and 104.
13
Suppose k - 3*c = 3*k - 1, 4*c + 4 = -2*k. Let v(z) = 107*z + 8. Let r be v(6). Let y be (-6)/27 + r/9. What is the greatest common factor of k and y?
8
Let k be (7/4)/((-2)/(-8)). Let d be 100/(-1) - (-1 + 0). Let x = -36 - d. What is the highest common divisor of k and x?
7
Suppose 3*k - 93 = -r, k = 3*r - 2*k - 267. Suppose 0*u + 5*u - r = 0. Let j be (-30)/(-1*1/3). What is the greatest common factor of j and u?
18
Suppose -120 + 24 = -3*f + y, -2*y + 39 = f. Let z be (10/(-15))/((-2)/f). What is the highest common factor of 121 and z?
11
Suppose -225 = 4*u + u. Let c = 141 + u. What is the highest common factor of 12 and c?
12
Suppose 2*y + 1 - 7 = 0. Suppose y*f = -166 + 502. Let s(x) = 2*x**3 - 2*x + 2. Let w be s(2). Calculate the greatest common divisor of f and w.
14
Suppose -3*s = -114 + 21. Calculate the greatest common divisor of 155 and s.
31
Let p = 0 + 1. Let x be -7*(-1)/(-3)*-3. Calculate the greatest common divisor of x and p.
1
Let t be -4 - -2 - (36 + 2). Let y = t + 96. Let a be (-9)/(-4)*y/3. Calcul